se 9*a - 78 = 129. Suppose -a*d + 10*d = -1456. What is the hundreds digit of d?
1
What is the hundreds digit of ((-60)/(-40))/(3 - -1*1202598/(-400872))?
4
Suppose 0 = -s + y + 7, -s + 15 = 4*y - 3*y. Suppose s - 2 = w. What is the units digit of 30/135 + 61/w?
7
Let o = 9644 + 3993. What is the units digit of o?
7
Let o = -9651 + 9971. Suppose 2*n - 5*n = 504. Let p = o + n. What is the tens digit of p?
5
Let x be ((-1)/5*-215)/(1/12). Suppose 8*b - x = 2*b. What is the units digit of b?
6
Suppose 5*a + 3*b - 2445 = -0*b, 5*a = -4*b + 2445. Suppose 1984 = a*l - 487*l. What is the units digit of l?
2
Let i(b) = 6*b**2 - 19*b + 34. Let z be i(16). Suppose -3*y + u + 2191 = 0, 2*y - 206 - z = -5*u. What is the hundreds digit of y?
7
Suppose -3*t = -v + 7, 0 = v + 2*t - 1 - 11. Suppose -v*o = -13*o - 9. Let n(y) = -y**3 - 4*y**2 - 3*y + 3. What is the units digit of n(o)?
3
Suppose 3258 + 367 = 5*a. Let v = a - 357. What is the hundreds digit of v?
3
What is the ten thousands digit of ((21639780/75)/(-23))/(2/(-5))?
3
Let v = 93979 + -62573. What is the ten thousands digit of v?
3
Suppose 33*x + 4*u - 28048 = 29*x, 21028 = 3*x - u. What is the thousands digit of x?
7
Let o = -110 - -224. Suppose -5*s = -61 - o. What is the tens digit of s?
3
Let k = 132 - -190. Suppose 2 = -x + 62. Suppose -x*w + 53*w + k = 0. What is the tens digit of w?
4
Let c = 2670 + -2471. What is the hundreds digit of c?
1
Suppose 5*y = -0*y + 75. Let i be (18/(-8))/(y/(-20)). Suppose -i*s + 2*o = -371, 0 = -5*s + 9*s + o - 513. What is the hundreds digit of s?
1
Let i(h) be the third derivative of h**5/60 - h**4/6 - 5*h**3/6 - 9*h**2. Let n be i(12). What is the units digit of (1 + n/(-4))/((-6)/32)?
6
Let g = -64 + 69. Suppose -g*l = 10, 2*l = 4*v + 4*l + 4. What is the tens digit of (-4)/(-2*(v + (-4)/(-88)))?
4
Let p be -1 + 1*-1 - 4816/(-344). Suppose -p*s - 25*s + 111 = 0. What is the units digit of s?
3
Let k(n) = 3170*n**2 - 42*n + 40. What is the ten thousands digit of k(2)?
1
What is the units digit of 118700/(6 - 2) + 2/(4/(-2))?
4
Suppose -4*m = 2*f - 86, 0 = -3*m + 4*f + 77 - 29. Suppose -20 = 3*j - b + 3*b, 0 = -5*j + 5*b. Let d = m + j. What is the tens digit of d?
1
Let l(b) = -2*b**3 - 9*b**2 + 2*b + 15. Let r be l(-8). Let o = 603 + r. What is the thousands digit of o?
1
What is the hundreds digit of 86/387*(-27)/(-6)*6914?
9
Let m be (-2717)/(-741)*18/22. Suppose 5*p = l + 18, -3*p - 2*l = -p. Suppose 3*n + p*q = 153, 2*n = -m*q - q + 110. What is the tens digit of n?
4
Let d = 304 - 193. Suppose 2*a + 0*v = 3*v + d, -v - 55 = -a. Suppose -a = -k - 16. What is the units digit of k?
8
Suppose 69*o - 18778 = 37*o + 23078. What is the hundreds digit of o?
3
Let v(u) = 4971*u - 6547. What is the units digit of v(7)?
0
Let y(h) = -2*h**2 - 10*h + 37. Let m be y(-11). What is the units digit of m*((-2)/(-4))/((-1)/2)?
5
Let k = 3908 + -2134. Suppose 3*s + 5*z - k = 0, -s + 770 - 174 = -3*z. Let p = s + -422. What is the hundreds digit of p?
1
Let f(c) = 4*c**3 + 30*c**2 - 75*c - 14. What is the hundreds digit of f(22)?
4
Let f(z) be the second derivative of -241*z**3/3 - 35*z**2/2 + 102*z. What is the tens digit of f(-1)?
4
Let g(t) = -t**3 - 39*t**2 + 83*t + 90. Let h(p) = -p**2 - 16*p - 101. Let n be h(-6). What is the units digit of g(n)?
9
Suppose -h - 5*h = -480. Suppose 82*d - 498 = h*d. What is the units digit of d?
9
Let u(i) = 411*i**2 + i + 3. Suppose -78*j + 74*j - 4 = 0. What is the tens digit of u(j)?
1
Suppose 15*q = 17*q - 914. Suppose -723 = -10*h + q. What is the units digit of h?
8
Suppose 5*p - 4030 = -3*y, 11*y - 6*y = p - 834. What is the units digit of p?
9
Suppose -43977 = -35*v - 171657. What is the hundreds digit of 8 + v/(-4) - 7?
9
Let l(f) = -6*f**3 - 11*f**2 - 272*f + 25. What is the ten thousands digit of l(-12)?
1
Let d = 94 + -145. Let a = 51 + d. Suppose 34*j - 38*j + 264 = a. What is the tens digit of j?
6
Let k(i) = 5*i**2 + 85*i - 1449. What is the units digit of k(-85)?
1
Let j = -4885 - -11421. What is the thousands digit of j?
6
Let g be (-75)/(-9) + 12/18. Suppose -579 = g*n + 510. Let q = n + 325. What is the units digit of q?
4
Let k(a) = -a + 73. Let t(b) = -b**3 - 6*b**2 - 5*b - 18. Let z = -52 - -46. Let d be t(z). What is the units digit of k(d)?
1
Let h = 89512 - 23930. What is the hundreds digit of (-4)/(-14) - (3 + h/(-77))?
8
Let o = -163 - -111. Let q = o + 70. Let w = q + 1. What is the units digit of w?
9
Suppose 3*i = -5*h - 536, 520 = -2*h - 3*h + 5*i. Let d be 2 - ((-3 - h) + (4 - 6)). Let m = d - -183. What is the units digit of m?
4
What is the hundreds digit of 54757 - -5 - (-608)/(-38)?
7
Suppose -3*w + 32*w = 11*w + 211482. What is the units digit of w?
9
Let g be (-2 - (-32)/8) + 2. Suppose 3918 = g*y + 682. What is the units digit of y?
9
Suppose -2*d + 23*d = -4347. Let r = d - -381. What is the hundreds digit of r?
1
What is the units digit of ((162/120)/(18/(-48)))/(4/(-8820))?
8
Suppose 486 + 369 = 3*w - 2*r, 0 = -2*w + r + 571. Let l = w - -212. What is the tens digit of l?
9
What is the units digit of (-11)/((-33)/258642)*(198/27 - 7)?
8
Let w(v) = v**2 + 15*v + 11. Let a be w(-15). Suppose -a*b = -9*b. Suppose 3*d - 4*f = 390, d + f + b*f = 123. What is the hundreds digit of d?
1
Let s = -38 + 43. Suppose t - 5*t + 14 = -5*u, 3*u + 1 = -s*t. Let l(x) = 66*x**3 - x**2 + x. What is the units digit of l(t)?
6
Let o(c) = 6 + 14 - 12*c**2 + 16*c**2 + 3*c + 0*c. What is the tens digit of o(14)?
4
Let y(q) = 4127*q + 76. What is the hundreds digit of y(2)?
3
Suppose -5*w - 3*b - 30 = -701, 0 = 6*w - b - 819. What is the units digit of 5/(60/(-171))*w/(-3)?
6
Let r be (169 - 170)*((-2)/(-2) - 6). Suppose r*n - 3*n = 3596. What is the tens digit of n?
9
Let b(w) = 2*w**2 - 2*w - 2. Let r be b(3). Suppose 3 = -2*g - v + 18, -3*v + r = g. Suppose -3*q + 1810 = g*q. What is the tens digit of q?
8
Suppose -3*y = 6*y + 2061. Let a = 739 - y. What is the tens digit of a?
6
Suppose 4*o - 4*x = -4, -o + 4*o - 2*x = -7. Let m = 9 + o. Suppose -2*d = m*q - 126, -d - 190 = -5*q + 3*d. What is the tens digit of q?
3
What is the ten thousands digit of -6*(14/6)/(-7)*110205/18?
1
Suppose 6*t - 5*t - 3*k = 958, 2*t - 2*k = 1924. Suppose 2437 = 5*g - v, -8*g = -6*g - 4*v - t. What is the tens digit of g?
8
Suppose 18 = -2*o + 3*b, -o - 8*b - 9 = -3*b. Let j(i) = -6*i**2 - 11*i - 27. Let v(l) = l**2 + 4. Let d(p) = -j(p) - 4*v(p). What is the units digit of d(o)?
4
Let v(h) be the third derivative of -h**6/60 - h**5/60 + 9*h**3/2 + h**2. Suppose 2 = -2*w + 24*o - 25*o, -2 = -4*w + o. What is the tens digit of v(w)?
2
Let r be (-2780)/(-84) - 10/105. What is the tens digit of -8*89*(r/(-6))/11?
5
Let c be 40/(-6) + (-4)/(-6)*1. Let r(k) = 19*k**2 + 23*k - 4. What is the hundreds digit of r(c)?
5
Let n = -58 + 60. Suppose 0 = -n*x - 120 + 6. Let v = -14 - x. What is the tens digit of v?
4
Let p(g) = -12*g**2 + 7 + g**3 - 11 - 7*g - 12. What is the tens digit of p(15)?
5
Let c = 88 + -82. Suppose 10*y - c*y = -236. Let t = y - -100. What is the tens digit of t?
4
Let t = 90 - 88. Suppose -5*x + 2680 = 2*c + 3*c, -t*x + c = -1087. What is the units digit of x?
1
Let s(w) = -881*w - 100. Let i(a) = 5*a + 208. Let t be i(-42). What is the thousands digit of s(t)?
1
Suppose -5*k = -3*t - 16, 7*t - 6*t + 2*k = 2. What is the hundreds digit of (-15 - -13)*147/t?
1
Suppose -4*g - 25*g = 8*g - 685425. What is the ten thousands digit of g?
1
Let d(b) = -5*b**3 - b**2 + 30*b + 19. What is the units digit of d(-15)?
9
Let j(g) = -g**2 - 4*g + 82. Let r be j(7). Suppose y - 5*h - 1580 = -4*h, r*y = 2*h + 7903. What is the hundreds digit of y?
5
Let w(x) = 428*x**3 - 295*x**2 + 593*x - 2. What is the tens digit of w(2)?
2
Suppose 336738 = 27*m - 153663. What is the ten thousands digit of m?
1
Suppose -4*w - 65 = -45, 5*t + 5*w - 10 = 0. Suppose 0 = -3*h + 5*q + 1762, -t*h = -6*h + 2*q - 580. What is the units digit of h?
4
Suppose -2*i = -4*d + 2*d + 442, -d + 5*i = -233. Let u = -121 + d. Let f = 150 - u. What is the units digit of f?
3
Suppose -22*s = -20*s - 11542. Suppose 1101 = -5*r + s. What is the tens digit of r?
3
Let s be 3*1*(6/18 + 4). Let n(l) = -5*l + 8*l + 34 + 9*l - 10. What is the tens digit of n(s)?
8
Suppose